uppose w = -w + d. List the prime factors of w.
5
Suppose 3*x + 2 = x. Let l be x + (16 - 0) + -2. Let h = l - 9. What are the prime factors of h?
2
Let s be -2*((-2)/1)/2. Let f = s + 7. List the prime factors of f.
3
Let t(c) = 27*c - 2. What are the prime factors of t(2)?
2, 13
Suppose -3*c + 34 = 2*o - 0*c, -75 = -5*o - 5*c. Let j = o + -9. Suppose 0 = -j*u + 14 + 10. List the prime factors of u.
2, 3
What are the prime factors of 17*3*(64/6)/8?
2, 17
Suppose 0 = g + g - 58. List the prime factors of g.
29
Suppose 0 = 4*w + g - 897, -5*w + 740 = -4*g - 397. List the prime factors of w.
3, 5
Let l = -4 + -14. Let n = 64 + l. What are the prime factors of n?
2, 23
Let d(g) = 51*g - 5. Let n(k) = 152*k - 14. Let m(b) = -8*d(b) + 3*n(b). List the prime factors of m(1).
2, 23
Let u be (-2)/(-2)*10 - 2. Let b = u - -27. What are the prime factors of b?
5, 7
Let o(m) = -2*m**2 - 2*m + 3. Let f(y) = 2*y**2 + 3*y - 4. Let q(k) = -4*f(k) - 5*o(k). What are the prime factors of q(-2)?
13
Let v(r) = r**3 - 2*r**2 - 3*r - 2. Let s = 4 - 5. Let k = s + 5. What are the prime factors of v(k)?
2, 3
Suppose 2*y - 150 = -2*r, -267 = -5*y - 2*r + 111. What are the prime factors of y?
2, 19
Suppose -4*j + 4*v + 200 = 0, 0 = j - 3*v + 28 - 86. Suppose 2*m = -0*m + j. What are the prime factors of m?
23
Let a be (1 + (-51)/15)*5. What are the prime factors of -5 - a - (-2 - -3)?
2, 3
Let q(y) be the first derivative of -1/2*y**2 - 1 - y + 10/3*y**3. List the prime factors of q(-1).
2, 5
Let z = 3 + 7. Let b = z + 5. List the prime factors of b.
3, 5
Let i(m) = 0*m + 0 + 2*m - 4 - 1. What are the prime factors of i(6)?
7
Let l = 365 - 91. List the prime factors of l.
2, 137
Suppose -g - 24 = -h, -5*h - 2*g - 71 = -205. List the prime factors of h.
2, 13
Let h(x) = x**3 - 2*x + 110. What are the prime factors of h(0)?
2, 5, 11
Let s(t) = t**3 + 8*t**2 + 4*t - 10. What are the prime factors of s(-7)?
11
Let l = 33 + -9. What are the prime factors of l?
2, 3
Suppose 7*d = 6 + 148. What are the prime factors of d?
2, 11
Suppose -4*l + 1 + 7 = 0. Suppose 4*k - 231 = -5*f, -3*f - 2*f - l*k + 223 = 0. What are the prime factors of f?
43
Suppose 4*q = -10*q + 112. List the prime factors of q.
2
Let w = 23 + -12. Let x = -14 - -12. Let k = w + x. List the prime factors of k.
3
List the prime factors of 17*(-4)/(-6 - -2).
17
Suppose -2*x - m + 199 = 0, 0 = -4*x - 3*m + 5*m + 418. List the prime factors of x.
2, 3, 17
Let d = -87 - -240. List the prime factors of d.
3, 17
Let u(l) = 9*l - 6. Let k be u(4). Suppose 2*q - 5*g - k = 0, 9*g - 4*g + 10 = 0. List the prime factors of q.
2, 5
Let s = 89 - 76. What are the prime factors of s?
13
Suppose 0 = 5*o - 26 + 6. Suppose -3*h = h + 2*b - 18, -o*h - 17 = -5*b. What are the prime factors of h?
2
What are the prime factors of ((-6)/2)/((-10)/130)?
3, 13
List the prime factors of (-2 - (0 + 6))*(-7 + 0).
2, 7
Suppose 3*s - 12 = -s. Suppose 3*t + 5 = 5*z + 2, -s*t = 4*z - 24. What are the prime factors of z?
3
Let q = -13 + 64. Suppose -3*a + 0*a + q = 0. List the prime factors of a.
17
Let n = 5 + 0. Suppose 0*q + 3*q - 121 = -4*h, -n*q = -3*h - 221. Let u = -28 + q. List the prime factors of u.
3, 5
Let s = 6 + -6. Suppose 2*n - 4 + 0 = s. Suppose 7*q - 30 = n*q. List the prime factors of q.
2, 3
Let p be (-50)/(-18) - (-4)/18. Let g = 7 - 2. Suppose -2*u + 3*k = 0, g*u = p*u - 4*k + 28. What are the prime factors of u?
2, 3
Let a = 40 - 61. Let z = 11 - 19. Let l = z - a. List the prime factors of l.
13
Suppose -5*d + 0*d = 0. Suppose -66 = -5*h - 3*g + 45, d = -2*h + 3*g + 36. What are the prime factors of h?
3, 7
Let u = -154 + 273. What are the prime factors of u?
7, 17
Let b be (-3)/(-2)*(0 + -34). Let v(u) = -31*u - 2. Let r be v(1). Let z = r - b. List the prime factors of z.
2, 3
Let b(y) = -y**3 - 3*y - 3. Let m be b(-2). Let t = m - 7. Suppose 0 = -5*g - 5*o, 3*g - t*o - 28 = -0*o. What are the prime factors of g?
2
Let m = -7 - -5. Let o = 5 + m. Let j = o - -12. List the prime factors of j.
3, 5
Let m = -95 + 142. List the prime factors of m.
47
Let t be 15*(-2 + (-32)/(-12)). Let r(l) = -l**2 + 15*l - 10. List the prime factors of r(t).
2, 5
Suppose -5*n + 4*n = 5*z - 415, 0 = 2*z - 5*n - 166. What are the prime factors of z?
83
Let h(j) be the third derivative of j**5/60 + j**4/6 - j**3/3 + 2*j**2. What are the prime factors of h(-7)?
19
Suppose -m + 33 + 172 = 0. What are the prime factors of m?
5, 41
Let d(c) = -105*c**3 - c**2 + c + 1. What are the prime factors of d(-1)?
2, 13
Let q(g) = 3*g + 9. List the prime factors of q(0).
3
Suppose h = -3*z - 0*z + 10, -5*h = 3*z - 26. List the prime factors of h.
2
Let t = -11 + 21. Let s = t + -5. List the prime factors of s.
5
Let g(i) be the third derivative of -i**6/120 + i**5/20 - i**3/2 + i**2. Let m be g(3). What are the prime factors of (-1)/m*4*3?
2
Let o be (-6)/(-4) - (-15)/6. Suppose 4*w - 147 = -w + u, -108 = -o*w - 4*u. What are the prime factors of w?
29
Let q(s) = -s**3 - 22*s**2 - 5*s - 26. List the prime factors of q(-22).
2, 3, 7
Suppose 2*w - 4*o - 6 = 0, -8 = 4*w + o + o. Let c(g) = 8*g**2. List the prime factors of c(w).
2
Suppose 0 = -4*f + 226 - 94. List the prime factors of f.
3, 11
Suppose -2*l - 492 = -4*p, -6*l = p - 2*l - 123. What are the prime factors of p?
3, 41
Suppose -5 = 2*t - 41. List the prime factors of t.
2, 3
Suppose -121 = -2*a + 3*j, -a - 3*a = -j - 217. List the prime factors of a.
53
Suppose 0 = 5*z - 111 - 214. List the prime factors of z.
5, 13
Let x(u) = -u - 7. Suppose 4*o - o + 15 = 0. Let f be x(o). List the prime factors of f/(36/19 + -2).
19
Suppose q - 6 = -q. Suppose q*r - r = 0. Suppose -2*o = -r*o - 4. List the prime factors of o.
2
Let v(t) = -t**3 - 19*t**2 + 18*t - 8. List the prime factors of v(-20).
2
Let a(n) = 3*n**3 - n**2 + 9*n - 5. Let z(o) = -4*o**3 - 10*o + 6. Let u(h) = 5*a(h) + 4*z(h). Let x be u(-6). List the prime factors of x*1/((-10)/(-6)).
3
Let m(x) = x**2. Let z be m(-5). Suppose 0 = -5*s + z + 130. What are the prime factors of s?
31
Let j(k) = -3*k + 3. Let h be j(3). Let f(l) = 5*l - 1. Let s be f(1). Let w = s - h. List the prime factors of w.
2, 5
Suppose 2*q - 5 = -1. What are the prime factors of q*1/(6/33)?
11
Let m(i) = -11*i - 6. Let z(x) = 23*x + 13. Let s(g) = -13*m(g) - 6*z(g). List the prime factors of s(2).
2, 5
Suppose 0 = -3*r - 3*j - 6, 0 = -8*r + 3*r - 3*j. Let b be 4/(-6) + (-28)/r. What are the prime factors of (-2)/5 - 24/b?
2
Suppose -u - 3*u = -12. Let m = u - 5. List the prime factors of (0 - 4)*(-4 - m).
2
Let n(u) be the first derivative of 3*u**3 - 2*u**2 - 3*u + 8. What are the prime factors of n(-2)?
41
Let u(k) = -k - 2. Let h be u(-6). Suppose 3*t - t = h. What are the prime factors of t?
2
Let u = -2 - -5. Suppose -4*t + t = -12, 153 = 3*m + u*t. List the prime factors of m.
47
Let v be (14/21)/(1/3). Let g(h) = 5*h**2. Let o be g(-1). Suppose -u + 6 = -4*m, -o*u + 2*m = -v*m - 14. List the prime factors of u.
2
Let s(n) = 16*n**2 - n + 8. List the prime factors of s(-3).
5, 31
Let p(l) be the second derivative of 11*l**3/6 - l**2/2 + 5*l. List the prime factors of p(2).
3, 7
Suppose h + 13 - 46 = 4*v, -12 = 3*v - 5*h. Let w = 5 - 10. Let p = w - v. What are the prime factors of p?
2
Suppose -369 = -5*b + 61. Suppose -b = -4*q + 46. Suppose -3*r - 3 = -q. What are the prime factors of r?
2, 5
Suppose 5*o = 31 - 11. Let x be (-6)/(-1) - (3 + -3). List the prime factors of ((-8)/x)/(o/(-6)).
2
Suppose -3*h + 2*u + 272 + 90 = 0, -3*h - u + 350 = 0. List the prime factors of h.
2, 59
List the prime factors of 1 + (-16)/(-4) + 64.
3, 23
Let o(w) be the second derivative of w**5/4 + w**3/6 - w**2/2 + 2*w. Let n(a) be the first derivative of o(a). What are the prime factors of n(1)?
2
Let f(v) = -v**3 + 2*v**2 + 3*v + 2. Let p be f(3). Let j be p/3 + 34/3. What are the prime factors of (2/2)/(3/j)?
2
Let k(g) be the second derivative of g**5/20 - g**4/4 - 7*g**3/6 + 2*g. What are the prime factors of k(5)?
3, 5
Let d = 414 - 145. List the prime factors of d.
269
Suppose -2*a + 14 = -48. List the prime factors of a.
31
Suppose -8 = -2*k + 4*z + 4, -4*z = 12. Suppose -3*o + 16 + 20 = k. List the prime factors of o.
2, 3
Let x(h) = -2*h**2 + 5. Let t be x(4). Let k